{"id":2204,"date":"2024-11-09T15:42:16","date_gmt":"2024-11-09T12:42:16","guid":{"rendered":"https:\/\/globaluniview.com\/?page_id=2204"},"modified":"2024-11-10T00:41:42","modified_gmt":"2024-11-09T21:41:42","slug":"sanliurfa-akinsoft-bayi","status":"publish","type":"page","link":"https:\/\/globaluniview.com\/index.php\/sanliurfa-akinsoft-bayi\/","title":{"rendered":"\u015eanl\u0131urfa Ak\u0131nsoft bayi"},"content":{"rendered":"\t\t<div data-elementor-type=\"wp-page\" data-elementor-id=\"2204\" class=\"elementor elementor-2204\">\n\t\t\t\t\t\t<section class=\"elementor-section elementor-top-section elementor-element elementor-element-68bc670 elementor-section-boxed elementor-section-height-default elementor-section-height-default\" data-id=\"68bc670\" data-element_type=\"section\" data-e-type=\"section\">\n\t\t\t\t\t\t<div class=\"elementor-container elementor-column-gap-default\">\n\t\t\t\t\t<div class=\"elementor-column elementor-col-100 elementor-top-column elementor-element elementor-element-5b6a73a\" data-id=\"5b6a73a\" data-element_type=\"column\" data-e-type=\"column\">\n\t\t\t<div class=\"elementor-widget-wrap elementor-element-populated\">\n\t\t\t\t\t\t\t<\/div>\n\t\t<\/div>\n\t\t\t\t\t<\/div>\n\t\t<\/section>\n\t\t\t\t<section class=\"elementor-section elementor-top-section elementor-element elementor-element-7a24450 elementor-section-boxed elementor-section-height-default elementor-section-height-default\" data-id=\"7a24450\" data-element_type=\"section\" data-e-type=\"section\">\n\t\t\t\t\t\t<div class=\"elementor-container elementor-column-gap-default\">\n\t\t\t\t\t<div class=\"elementor-column elementor-col-100 elementor-top-column elementor-element elementor-element-36154aca\" data-id=\"36154aca\" data-element_type=\"column\" data-e-type=\"column\">\n\t\t\t<div class=\"elementor-widget-wrap elementor-element-populated\">\n\t\t\t\t\t\t<div class=\"elementor-element elementor-element-3a32add1 elementor-widget elementor-widget-text-editor\" data-id=\"3a32add1\" data-element_type=\"widget\" data-e-type=\"widget\" data-widget_type=\"text-editor.default\">\n\t\t\t\t<div class=\"elementor-widget-container\">\n\t\t\t\t\t\t\t\t\t<section><div><div title=\"WOLVOX 9'un esnek lisans sistemi ile art\u0131k i\u015fletmenizin ihtiya\u00e7lar\u0131na tam uyum sa\u011flayan bir ERP \u00e7\u00f6z\u00fcm\u00fcne sahip olabilirsiniz. \"><div><h1 title=\"AKINSOFT Gelecek Seninle\">\u015eanl\u0131urfa bayi &#8211; AKINSOFT\u00a0Gelecek Seninle<\/h1><hr \/><h2 title=\"WOLVOX 9 - \u0130\u015fletmenizi Gelece\u011fe Ta\u015f\u0131y\u0131n!\"><b>WOLVOX 9 &#8211; \u0130\u015fletmenizi Gelece\u011fe Ta\u015f\u0131y\u0131n!<\/b><\/h2><p>\u015eanl\u0131urfa Ak\u0131nsoft bayi WOLVOX 9&#8217;un esnek lisans sistemi ile art\u0131k i\u015fletmenizin ihtiya\u00e7lar\u0131na tam uyum sa\u011flayan bir ERP \u00e7\u00f6z\u00fcm\u00fcne sahip olabilirsiniz.<\/p><div>\u00dccretsiz Tan\u0131t\u0131m\u00a0Detaylar<\/div><\/div><div>Biti\u015f Tarihi : 29.11.2024<\/div><\/div><div title=\"AKINSOFT Wolvox Restoran Y\u00f6netimi ile restoran ve kafelerde adisyon takibi, kurye takibi ve rezervasyon i\u015flemlerini kolayca y\u00fcr\u00fctebilirsiniz.\"><p>Restoran Y\u00f6netimi<\/p><div>\u00a0<\/div><div><h2 title=\"Restoran Y\u00f6netimi\"><b>\u015eanl\u0131urfa Ak\u0131nsoft Restoran Y\u00f6netimi<\/b><\/h2><p>AKINSOFT Wolvox Restoran Y\u00f6netimi ile restoran ve kafelerde adisyon takibi, kurye takibi ve rezervasyon i\u015flemlerini kolayca y\u00fcr\u00fctebilirsiniz.<\/p><div>\u00dccretsiz Tan\u0131t\u0131m\u00a0Detaylar<\/div><\/div><div>Biti\u015f Tarihi : 21.11.2024<\/div><\/div><div title=\"Wolvox ERP, \u00f6zelle\u015ftirilebilen \u00f6n muhasebe ve genel muhasebe entegrasyonlar\u0131 ile geni\u015f kapsaml\u0131 ve \u00f6l\u00e7\u00fcmlenebilir bir ERP deneyimi sunar.\"><p>WOLVOX ERP<\/p><div>\u00a0<\/div><div><h2 title=\"WOLVOX ERP\"><span style=\"font-weight: bold; color: var(--ast-global-color-2); font-size: 2.23529rem; background-color: var(--ast-global-color-5);\">\u015eanl\u0131urfa Ak\u0131nsoft\u00a0<\/span><b>WOLVOX ERP<\/b><\/h2><p>Wolvox ERP, \u00f6zelle\u015ftirilebilen \u00f6n muhasebe ve genel muhasebe entegrasyonlar\u0131 ile geni\u015f kapsaml\u0131 ve \u00f6l\u00e7\u00fcmlenebilir bir ERP deneyimi sunar.<\/p><div>\u00dccretsiz Tan\u0131t\u0131m\u00a0Detaylar<\/div><\/div><div>Biti\u015f Tarihi : 29.11.2024<\/div><\/div><div title=\"Perakende sekt\u00f6r\u00fcnde barkodlu sat\u0131\u015f i\u015flemlerini sorunsuz bir \u015fekilde y\u00fcr\u00fctmek isteyen t\u00fcm firmalara H\u0131zl\u0131 Sat\u0131\u015f program\u0131m\u0131z ile farkl\u0131 \u00e7\u00f6z\u00fcmler \u00fcretiyoruz.\"><p>H\u0131zl\u0131 Sat\u0131\u015f<\/p><div>\u00a0<\/div><div><h2 title=\"H\u0131zl\u0131 Sat\u0131\u015f\"><span style=\"font-weight: bold; color: var(--ast-global-color-2); font-size: 2.23529rem; background-color: var(--ast-global-color-5);\">\u015eanl\u0131urfa Ak\u0131nsoft\u00a0<\/span><b>H\u0131zl\u0131 Sat\u0131\u015f<\/b><\/h2><p>Perakende sekt\u00f6r\u00fcnde barkodlu sat\u0131\u015f i\u015flemlerini sorunsuz bir \u015fekilde y\u00fcr\u00fctmek isteyen t\u00fcm firmalara H\u0131zl\u0131 Sat\u0131\u015f program\u0131m\u0131z ile farkl\u0131 \u00e7\u00f6z\u00fcmler \u00fcretiyoruz.<\/p><div>\u00dccretsiz Tan\u0131t\u0131m\u00a0Detaylar<\/div><\/div><div>Biti\u015f Tarihi : 21.11.2024<\/div><\/div><div title=\"AKINSOFT E-Ticaret, farkl\u0131 sekt\u00f6rlere uygun esnek alt yap\u0131s\u0131 ile sat\u0131\u015flar\u0131n\u0131z\u0131 art\u0131rman\u0131za yard\u0131mc\u0131 olur.\"><p>AKINSOFT e-Ticaret<\/p><div>\u00a0<\/div><div><h2 title=\"AKINSOFT e-Ticaret\"><span style=\"font-weight: bold; color: var(--ast-global-color-2); font-size: 2.23529rem; background-color: var(--ast-global-color-5);\">\u015eanl\u0131urfa Ak\u0131nsoft\u00a0<\/span><b>AKINSOFT e-Ticaret<\/b><\/h2><p>AKINSOFT E-Ticaret, farkl\u0131 sekt\u00f6rlere uygun esnek alt yap\u0131s\u0131 ile sat\u0131\u015flar\u0131n\u0131z\u0131 art\u0131rman\u0131za yard\u0131mc\u0131 olur.<\/p><div>Sat\u0131n Al\u00a0Detaylar<\/div><\/div><div>Biti\u015f Tarihi : 29.11.2024<\/div><\/div><div title=\"AKINSOFT Wolvox Otel Y\u00f6netimi Yaz\u0131l\u0131m\u0131 ile otelinizin b\u00fcy\u00fckl\u00fc\u011f\u00fc ve kapasitesi ne olursa olsun rezervasyon, ekip y\u00f6netimi ve raporlama gibi i\u015flemleri kolayca y\u00f6netebilirsiniz.\"><p>Otel Y\u00f6netimi<\/p><div>\u00a0<\/div><div><h2 title=\"Otel Y\u00f6netimi\"><span style=\"font-weight: bold; color: var(--ast-global-color-2); font-size: 2.23529rem; background-color: var(--ast-global-color-5);\">\u015eanl\u0131urfa Ak\u0131nsoft\u00a0<\/span><b>Otel Y\u00f6netimi<\/b><\/h2><p>AKINSOFT Wolvox Otel Y\u00f6netimi Yaz\u0131l\u0131m\u0131 ile otelinizin b\u00fcy\u00fckl\u00fc\u011f\u00fc ve kapasitesi ne olursa olsun rezervasyon, ekip y\u00f6netimi ve raporlama gibi i\u015flemleri kolayca y\u00f6netebilirsiniz.<\/p><div>\u00dccretsiz Tan\u0131t\u0131m\u00a0Detaylar<\/div><\/div><div>Biti\u015f Tarihi : 29.11.2024<\/div><\/div><div title=\"e-D\u00f6n\u00fc\u015f\u00fcm deste\u011fi ile internet eri\u015fimi olan her yerden muhasebe program\u0131n\u0131za ula\u015fman\u0131n en kestirme yolu\"><p>OctoCloud<\/p><div>\u00a0<\/div><div><h2 title=\"OctoCloud\"><span style=\"font-weight: bold; color: var(--ast-global-color-2); font-size: 2.23529rem; background-color: var(--ast-global-color-5);\">\u015eanl\u0131urfa Ak\u0131nsoft\u00a0<\/span><b>OctoCloud<\/b><\/h2><p>e-D\u00f6n\u00fc\u015f\u00fcm deste\u011fi ile internet eri\u015fimi olan her yerden muhasebe program\u0131n\u0131za ula\u015fman\u0131n en kestirme yolu<\/p><div>\u00dccretsiz Dene\u00a0Detaylar<\/div><\/div><div>Biti\u015f Tarihi : 29.11.2024<\/div><\/div><div title=\"AKINSOFT, 29 y\u0131ll\u0131k deneyimiyle e-D\u00f6n\u00fc\u015f\u00fcm ge\u00e7i\u015f s\u00fcre\u00e7lerini kolayl\u0131kla y\u00f6netmenizi sa\u011flar.\"><p>e-D\u00f6n\u00fc\u015f\u00fcm<\/p><div>\u00a0<\/div><div><h2 title=\"e-D\u00f6n\u00fc\u015f\u00fcm\"><span style=\"font-weight: bold; color: var(--ast-global-color-2); font-size: 2.23529rem; background-color: var(--ast-global-color-5);\">\u015eanl\u0131urfa Ak\u0131nsoft\u00a0<\/span><b>e-D\u00f6n\u00fc\u015f\u00fcm<\/b><\/h2><p>AKINSOFT, 29 y\u0131ll\u0131k deneyimiyle e-D\u00f6n\u00fc\u015f\u00fcm ge\u00e7i\u015f s\u00fcre\u00e7lerini kolayl\u0131kla y\u00f6netmenizi sa\u011flar.<\/p><div>\u00dccretsiz Tan\u0131t\u0131m\u00a0Detaylar<\/div><\/div><\/div><\/div><section><div><div><h2><strong>\u00a0<\/strong><span style=\"font-weight: bold; color: var(--ast-global-color-2); font-size: 2.23529rem; background-color: var(--ast-global-color-5);\">\u015eanl\u0131urfa Ak\u0131nsoft\u00a0<\/span><strong style=\"color: var(--ast-global-color-2); font-size: 2.23529rem; font-style: inherit; background-color: var(--ast-global-color-5);\">AKINSOFT Fark\u0131<\/strong><\/h2><\/div><\/div><\/section><div><section><h2><span style=\"font-weight: bold; color: var(--ast-global-color-2); font-size: 2.23529rem; background-color: var(--ast-global-color-5);\">\u015eanl\u0131urfa Ak\u0131nsoft\u00a0<\/span>Bizi M\u00fc\u015fterilerimizden Dinleyin<\/h2><div><div><div><div><div><p><img fetchpriority=\"high\" decoding=\"async\" src=\"https:\/\/img.youtube.com\/vi\/c1jUWqy0uoc\/mqdefault.jpg\" alt=\"5inch Meram Restoran'da AKINSOFT Ayr\u0131cal\u0131\u011f\u0131 Ya\u015fan\u0131yor\" width=\"320\" height=\"180\" \/><\/p><div><div>\u00a0<\/div><div>\u00a0<\/div><div>\u00a0<\/div><\/div><\/div><\/div><div><div><p><img decoding=\"async\" src=\"https:\/\/img.youtube.com\/vi\/zz0PbA97j6Q\/mqdefault.jpg\" alt=\"Zeki \u015eahin Paslanmaz G\u0131da Makineleri AKINSOFT Ayr\u0131cal\u0131\u011f\u0131n\u0131 Ya\u015f\u0131yor\" width=\"320\" height=\"180\" \/><\/p><div><div>\u00a0<\/div><div>\u00a0<\/div><div>\u00a0<\/div><\/div><\/div><\/div><div><div><p><img decoding=\"async\" src=\"https:\/\/img.youtube.com\/vi\/-zD2JEzf_v0\/mqdefault.jpg\" alt=\"Merkez Oyuncak AKINSOFT Ayr\u0131cal\u0131\u011f\u0131n\u0131 Ya\u015f\u0131yor\" width=\"320\" height=\"180\" \/><\/p><div><div>\u00a0<\/div><div>\u00a0<\/div><div>\u00a0<\/div><\/div><\/div><\/div><div><div><p><img loading=\"lazy\" decoding=\"async\" src=\"https:\/\/img.youtube.com\/vi\/Tl1t1Vr_y7w\/mqdefault.jpg\" alt=\"ZENNUP 1844, AKINSOFT ile i\u015f s\u00fcre\u00e7lerini zahmetsizce y\u00f6netmenin keyfini \u00e7\u0131kar\u0131yor.\" width=\"320\" height=\"180\" \/><\/p><div><div>\u00a0<\/div><div>\u00a0<\/div><div>\u00a0<\/div><\/div><\/div><\/div><div><div><p><img loading=\"lazy\" decoding=\"async\" src=\"https:\/\/img.youtube.com\/vi\/bj8viDGeJHw\/mqdefault.jpg\" alt=\"Viviano \u00c7ikolata ve Kahve AKINSOFT Ayr\u0131cal\u0131\u011f\u0131n\u0131 Ya\u015f\u0131yor \" width=\"320\" height=\"180\" \/><\/p><div><div>\u00a0<\/div><div>\u00a0<\/div><div>\u00a0<\/div><\/div><\/div><\/div><div><div><p><img loading=\"lazy\" decoding=\"async\" src=\"https:\/\/img.youtube.com\/vi\/BFqy-D04_nU\/mqdefault.jpg\" alt=\" MACRO OFFICE AKINSOFT Ayr\u0131cal\u0131\u011f\u0131n\u0131 Ya\u015f\u0131yor \" width=\"320\" height=\"180\" \/><\/p><div><div>\u00a0<\/div><div>\u00a0<\/div><div>\u00a0<\/div><\/div><\/div><\/div><div><div><p><img loading=\"lazy\" decoding=\"async\" src=\"https:\/\/img.youtube.com\/vi\/bwm4-RF2zw8\/mqdefault.jpg\" alt=\" Kuru \u00c7e\u015fme Kahvesi'nde AKINSOFT Ayr\u0131cal\u0131\u011f\u0131 Ya\u015fan\u0131yor \" width=\"320\" height=\"180\" \/><\/p><div><div>\u00a0<\/div><div>\u00a0<\/div><div>\u00a0<\/div><\/div><\/div><\/div><div><div><p><img fetchpriority=\"high\" decoding=\"async\" src=\"https:\/\/img.youtube.com\/vi\/c1jUWqy0uoc\/mqdefault.jpg\" alt=\"5inch Meram Restoran'da AKINSOFT Ayr\u0131cal\u0131\u011f\u0131 Ya\u015fan\u0131yor\" width=\"320\" height=\"180\" \/><\/p><div><div>\u00a0<\/div><div>\u00a0<\/div><div>\u00a0<\/div><\/div><\/div><\/div><div><div><p><img decoding=\"async\" src=\"https:\/\/img.youtube.com\/vi\/zz0PbA97j6Q\/mqdefault.jpg\" alt=\"Zeki \u015eahin Paslanmaz G\u0131da Makineleri AKINSOFT Ayr\u0131cal\u0131\u011f\u0131n\u0131 Ya\u015f\u0131yor\" width=\"320\" height=\"180\" \/><\/p><div><div>\u00a0<\/div><div>\u00a0<\/div><div>\u00a0<\/div><\/div><\/div><\/div><div><div><p><img decoding=\"async\" src=\"https:\/\/img.youtube.com\/vi\/-zD2JEzf_v0\/mqdefault.jpg\" alt=\"Merkez Oyuncak AKINSOFT Ayr\u0131cal\u0131\u011f\u0131n\u0131 Ya\u015f\u0131yor\" width=\"320\" height=\"180\" \/><\/p><div><div>\u00a0<\/div><div>\u00a0<\/div><div>\u00a0<\/div><\/div><\/div><\/div><div><div><p><img loading=\"lazy\" decoding=\"async\" src=\"https:\/\/img.youtube.com\/vi\/Tl1t1Vr_y7w\/mqdefault.jpg\" alt=\"ZENNUP 1844, AKINSOFT ile i\u015f s\u00fcre\u00e7lerini zahmetsizce y\u00f6netmenin keyfini \u00e7\u0131kar\u0131yor.\" width=\"320\" height=\"180\" \/><\/p><div><div>\u00a0<\/div><div>\u00a0<\/div><div>\u00a0<\/div><\/div><\/div><\/div><div><div><p><img loading=\"lazy\" decoding=\"async\" src=\"https:\/\/img.youtube.com\/vi\/bj8viDGeJHw\/mqdefault.jpg\" alt=\"Viviano \u00c7ikolata ve Kahve AKINSOFT Ayr\u0131cal\u0131\u011f\u0131n\u0131 Ya\u015f\u0131yor \" width=\"320\" height=\"180\" \/><\/p><div><div>\u00a0<\/div><div>\u00a0<\/div><div>\u00a0<\/div><\/div><\/div><\/div><div><div><p><img loading=\"lazy\" decoding=\"async\" src=\"https:\/\/img.youtube.com\/vi\/BFqy-D04_nU\/mqdefault.jpg\" alt=\" MACRO OFFICE AKINSOFT Ayr\u0131cal\u0131\u011f\u0131n\u0131 Ya\u015f\u0131yor \" width=\"320\" height=\"180\" \/><\/p><div><div>\u00a0<\/div><div>\u00a0<\/div><div>\u00a0<\/div><\/div><\/div><\/div><div><div><p><img loading=\"lazy\" decoding=\"async\" src=\"https:\/\/img.youtube.com\/vi\/bwm4-RF2zw8\/mqdefault.jpg\" alt=\" Kuru \u00c7e\u015fme Kahvesi'nde AKINSOFT Ayr\u0131cal\u0131\u011f\u0131 Ya\u015fan\u0131yor \" width=\"320\" height=\"180\" \/><\/p><div><div>\u00a0<\/div><div>\u00a0<\/div><div>\u00a0<\/div><\/div><\/div><\/div><div><div><p><img fetchpriority=\"high\" decoding=\"async\" src=\"https:\/\/img.youtube.com\/vi\/c1jUWqy0uoc\/mqdefault.jpg\" alt=\"5inch Meram Restoran'da AKINSOFT Ayr\u0131cal\u0131\u011f\u0131 Ya\u015fan\u0131yor\" width=\"320\" height=\"180\" \/><\/p><div><div>\u00a0<\/div><div>\u00a0<\/div><div>\u00a0<\/div><\/div><\/div><\/div><\/div><\/div><\/div><\/section><div><section><section><div><div>\u00a0<\/div><div><div><div><h2>Blog Yaz\u0131lar\u0131m\u0131z<\/h2><div>\u00a0<\/div><\/div><\/div><div><div><p>T\u00fcm Yaz\u0131lar\u0131m\u0131z<\/p><div>\u00a0<\/div><\/div><\/div><\/div><div><div><ul><li><div><a href=\"https:\/\/www.akinsoft.com.tr\/blog-detay\/okc-entegrasyonu-ne-zaman-hayatimiza-dahil-olmustur--778\"><img decoding=\"async\" src=\"https:\/\/www.akinsoft.com.tr\/panel\/eticaret\/images\/blog\/untitled1-1730965317.webp\" alt=\"\u00d6KC Entegrasyonu Ne Zaman Hayat\u0131m\u0131za Dahil Olmu\u015ftur?\" data-src=\"https:\/\/www.akinsoft.com.tr\/panel\/eticaret\/images\/blog\/untitled1-1730965317.webp\" \/><\/a><\/div><div><h3>\u00d6KC Entegrasyonu Ne Zaman Hayat\u0131m\u0131za Dahil Olmu\u015ftur?<\/h3><div>07.11.2024<\/div><\/div><\/li><li><div><a href=\"https:\/\/www.akinsoft.com.tr\/blog-detay\/blok-zincir-teknolojisi-nedir--770\"><img decoding=\"async\" src=\"https:\/\/www.akinsoft.com.tr\/panel\/eticaret\/images\/blog\/blokzincirteknolojisi-1729868267.webp\" alt=\"Blok Zincir Teknolojisi Nedir?\" data-src=\"https:\/\/www.akinsoft.com.tr\/panel\/eticaret\/images\/blog\/blokzincirteknolojisi-1729868267.webp\" \/><\/a><\/div><div><h3>Blok Zincir Teknolojisi Nedir?<\/h3><div>25.10.2024<\/div><\/div><\/li><li><div><a href=\"https:\/\/www.akinsoft.com.tr\/blog-detay\/metodolojiler-ve-proje-yonetiminde-basari-ipuclari--762\"><img decoding=\"async\" src=\"https:\/\/www.akinsoft.com.tr\/panel\/eticaret\/images\/blog\/metodolojilerveprojeyonetimindebasari-1729089831.webp\" alt=\"Metodolojiler ve Proje Y\u00f6netiminde Ba\u015far\u0131 \u0130pu\u00e7lar\u0131\" data-src=\"https:\/\/www.akinsoft.com.tr\/panel\/eticaret\/images\/blog\/metodolojilerveprojeyonetimindebasari-1729089831.webp\" \/><\/a><\/div><div><h3>Metodolojiler ve Proje Y\u00f6netiminde Ba\u015far\u0131 \u0130pu\u00e7lar\u0131<\/h3><div>15.10.2024<\/div><\/div><\/li><li><div><a href=\"https:\/\/www.akinsoft.com.tr\/blog-detay\/sic-kodu-nedir--753\"><img decoding=\"async\" src=\"https:\/\/www.akinsoft.com.tr\/panel\/eticaret\/images\/blog\/sickodunedir-1728309534.webp\" alt=\"SIC Kodu Nedir? \" data-src=\"https:\/\/www.akinsoft.com.tr\/panel\/eticaret\/images\/blog\/sickodunedir-1728309534.webp\" \/><\/a><\/div><div><h3>SIC Kodu Nedir?<\/h3><div>05.10.2024<\/div><\/div><\/li><li><div><a href=\"https:\/\/www.akinsoft.com.tr\/blog-detay\/ticari-yazilimlari-kullanmaya-yeni-baslayanlar-icin-ipuclari--752\"><img decoding=\"async\" src=\"https:\/\/www.akinsoft.com.tr\/panel\/eticaret\/images\/blog\/ticariyazilimlarikullanmayayenibaslayanlaricinipuclari-1727245349.webp\" alt=\"Ticari Yaz\u0131l\u0131mlar\u0131 Kullanmaya Yeni Ba\u015flayanlar \u0130\u00e7in \u0130pu\u00e7lar\u0131\" data-src=\"https:\/\/www.akinsoft.com.tr\/panel\/eticaret\/images\/blog\/ticariyazilimlarikullanmayayenibaslayanlaricinipuclari-1727245349.webp\" \/><\/a><\/div><div><h3>Ticari Yaz\u0131l\u0131mlar\u0131 Kullanmaya Yeni Ba\u015flayanlar \u0130\u00e7in \u0130pu\u00e7lar\u0131<\/h3><div>25.09.2024<\/div><\/div><\/li><\/ul><\/div><\/div><\/div><\/section><\/section><\/div><\/div><div><div><div><div><div><div><div><h2 style=\"font-size: 2.23529rem; font-style: normal;\" title=\"Restoran Y\u00f6netimi\"><span style=\"font-weight: bold;\">\u015eanl\u0131urfa Ak\u0131nsoft\u00a0<\/span><\/h2><h3>AKINSOFT: T\u00dcRK\u0130YE\u2019N\u0130N L\u0130DER YAZILIM \u015e\u0130RKET\u0130<\/h3><p>AKINSOFT, T\u00fcrkiye&#8217;nin \u00f6nde gelen yaz\u0131l\u0131m \u015firketlerinden biri olarak 1995 y\u0131l\u0131nda Konya\u2019da kurulmu\u015ftur. Kurulu\u015fundan bu yana AKINSOFT\u00a0bir\u00e7ok farkl\u0131 sekt\u00f6re\u00a0y\u00f6nelik yaz\u0131l\u0131m \u00e7\u00f6z\u00fcmleri sunarak ba\u015far\u0131l\u0131 bir b\u00fcy\u00fcme grafi\u011fi sergilemi\u015ftir.<\/p><\/div><div><p>AKINSOFT \u2019un en \u00f6nemli \u00f6zelliklerinden biri, m\u00fc\u015fteri odakl\u0131 yakla\u015f\u0131m\u0131d\u0131r. \u015eirket, m\u00fc\u015fterilerinin ihtiya\u00e7lar\u0131n\u0131 anlamak ve en uygun \u00e7\u00f6z\u00fcmleri sunmak i\u00e7in s\u00fcrekli olarak \u00e7al\u0131\u015fmaktad\u0131r. Bu sayede, AKINSOFT m\u00fc\u015fterilerine hem h\u0131zl\u0131 hem de etkili bir \u015fekilde hizmet verebilmektedir.<\/p><\/div><div><p>\u0130\u015fletmelerin verimlili\u011fini art\u0131rmak ve i\u015f s\u00fcre\u00e7lerini optimize etmek i\u00e7in geli\u015ftirdi\u011fi\u00a0ERP (Kurumsal Kaynak Planlama)\u00a0programlar\u0131yla dikkat \u00e7eken AKINSOFT \u2019un sundu\u011fu ERP \u00e7\u00f6z\u00fcmleri, farkl\u0131 sekt\u00f6rlerde faaliyet g\u00f6steren i\u015fletmelerin ihtiya\u00e7lar\u0131na uygun olarak tasarlanm\u0131\u015ft\u0131r.<\/p><\/div><div><p>\u015eirketin sundu\u011fu yaz\u0131l\u0131m \u00e7\u00f6z\u00fcmleri aras\u0131nda\u00a0muhasebe ve finans y\u00f6netimi,\u00a0insan kaynaklar\u0131 ve personel y\u00f6netimi,\u00a0\u00fcretim ve stok y\u00f6netimi,\u00a0perakende ve sat\u0131\u015f y\u00f6netimi\u00a0gibi alanlarda \u00e7e\u015fitli \u00fcr\u00fcnler bulunmaktad\u0131r. Bu \u00e7\u00f6z\u00fcmler, i\u015fletmelerin operasyonlar\u0131n\u0131 daha verimli bir \u015fekilde y\u00f6netmelerine yard\u0131mc\u0131 olmaktad\u0131r.<\/p><\/div><div><p>AKINSOFT\u2019 un \u00fcr\u00fcnleri genellikle kullan\u0131c\u0131 dostu aray\u00fczleri ve\u00a0kolay entegrasyon\u00a0imkanlar\u0131 ile \u00f6ne \u00e7\u0131kmaktad\u0131r. Ayr\u0131ca, \u015firketin sundu\u011fu\u00a0teknik destek\u00a0ve e\u011fitim hizmetleri de m\u00fc\u015fterilerinin yaz\u0131l\u0131m \u00fcr\u00fcnlerini etkin bir \u015fekilde kullanmalar\u0131na olanak sa\u011flamaktad\u0131r.<\/p><\/div><div><p>Teknoloji alan\u0131ndaki s\u00fcrekli de\u011fi\u015fim ve geli\u015fmeleri yak\u0131ndan takip eden AKINSOFT, Ar-GE \u00e7al\u0131\u015fmalar\u0131na b\u00fcy\u00fck \u00f6nem vermektedir. Bu sayede, \u015firketin \u00fcr\u00fcnleri s\u00fcrekli olarak g\u00fcncellenmekte ve m\u00fc\u015fterilerine en yeni teknolojileri sunmaktad\u0131r.<\/p><\/div><div><p>Sonu\u00e7 olarak, AKINSOFT T\u00fcrkiye&#8217;nin \u00f6nde gelen yaz\u0131l\u0131m \u015firketlerinden biri olarak bilinmekte ve sekt\u00f6rdeki g\u00fc\u00e7l\u00fc konumuyla dikkat \u00e7ekmektedir. M\u00fc\u015fteri odakl\u0131 yakla\u015f\u0131m\u0131 ve yenilik\u00e7i \u00e7\u00f6z\u00fcmleriyle AKINSOFT, T\u00fcrkiye&#8217;nin bir\u00e7ok i\u015fletmesine yaz\u0131l\u0131m alan\u0131nda de\u011ferli bir\u00a0ortakl\u0131k\u00a0sunmaktad\u0131r.<\/p><\/div><div>\u00a0<\/div><\/div><div><span data-val=\"goster\">Devam\u0131n\u0131 G\u00f6ster<\/span><\/div><div><span style=\"color: #ffffff;\">\u015eanl\u0131urfa ak\u0131nsoft ana bayi<\/span><\/div><div><span style=\"color: #ffffff;\">\u015fanl\u0131urfa ak\u0131nsoft b\u00f6lge bayi<\/span><\/div><div><span style=\"color: #ffffff;\">\u015fanl\u0131urfa ak\u0131nsoft bayi<\/span><\/div><div>\u00a0<\/div><\/div><\/div><\/div><\/div><\/div><div data-total=\"9\">\u00a0<\/div><\/section><div>\u00a0<\/div><div><div><div role=\"dialog\" aria-modal=\"true\" aria-hidden=\"true\" aria-labelledby=\"s-ttl\"><div><div><div><div><div><div role=\"heading\"><img loading=\"lazy\" decoding=\"async\" src=\"https:\/\/www.akinsoft.com.tr\/logo\/images\/akinsoft_yatay_logo\/akinsoft_yatay_logo.png\" alt=\"\u00c7erez Logo\" width=\"100\" height=\"68\" \/><img decoding=\"async\" src=\"https:\/\/www.akinsoft.com.tr\/programlar\/resim\/WOA9\/img\/woa9--1.webp\" \/><img decoding=\"async\" src=\"https:\/\/www.akinsoft.com.tr\/kampanyalar\/upload\/img\/1767\/facebook-1730435301.webp\" alt=\" profile \" \/><img decoding=\"async\" src=\"https:\/\/www.akinsoft.com.tr\/programlar\/resim\/WOO9\/img\/woo9--3.webp\" \/><img decoding=\"async\" src=\"https:\/\/www.akinsoft.com.tr\/programlar\/resim\/WWH9\/img\/wwh9--1.webp\" \/><img decoding=\"async\" src=\"https:\/\/www.akinsoft.com.tr\/programlar\/resim\/WOO9\/img\/woo9--2.webp\" \/><img decoding=\"async\" src=\"https:\/\/www.akinsoft.com.tr\/programlar\/resim\/WOO9\/img\/woo9--1.webp\" \/><\/div><\/div><\/div><\/div><\/div><\/div><\/div><\/div><\/div>\t\t\t\t\t\t\t\t<\/div>\n\t\t\t\t<\/div>\n\t\t\t\t\t<\/div>\n\t\t<\/div>\n\t\t\t\t\t<\/div>\n\t\t<\/section>\n\t\t\t\t<\/div>\n\t\t","protected":false},"excerpt":{"rendered":"<p>\u015eanl\u0131urfa bayi &#8211; AKINSOFT\u00a0Gelecek Seninle WOLVOX 9 &#8211; \u0130\u015fletmenizi Gelece\u011fe Ta\u015f\u0131y\u0131n! \u015eanl\u0131urfa Ak\u0131nsoft bayi WOLVOX 9&#8217;un esnek lisans sistemi ile art\u0131k i\u015fletmenizin ihtiya\u00e7lar\u0131na tam uyum sa\u011flayan bir ERP \u00e7\u00f6z\u00fcm\u00fcne sahip olabilirsiniz. \u00dccretsiz Tan\u0131t\u0131m\u00a0DetaylarBiti\u015f Tarihi : 29.11.2024 Restoran Y\u00f6netimi \u00a0 \u015eanl\u0131urfa Ak\u0131nsoft Restoran Y\u00f6netimi AKINSOFT Wolvox Restoran Y\u00f6netimi ile restoran ve kafelerde adisyon takibi, kurye takibi [&hellip;]<\/p>\n","protected":false},"author":1,"featured_media":0,"parent":0,"menu_order":0,"comment_status":"closed","ping_status":"closed","template":"elementor_header_footer","meta":{"site-sidebar-layout":"default","site-content-layout":"","ast-site-content-layout":"default","site-content-style":"default","site-sidebar-style":"default","ast-global-header-display":"","ast-banner-title-visibility":"","ast-main-header-display":"","ast-hfb-above-header-display":"","ast-hfb-below-header-display":"","ast-hfb-mobile-header-display":"","site-post-title":"","ast-breadcrumbs-content":"","ast-featured-img":"","footer-sml-layout":"","ast-disable-related-posts":"","theme-transparent-header-meta":"","adv-header-id-meta":"","stick-header-meta":"","header-above-stick-meta":"","header-main-stick-meta":"","header-below-stick-meta":"","astra-migrate-meta-layouts":"set","ast-page-background-enabled":"default","ast-page-background-meta":{"desktop":{"background-color":"var(--ast-global-color-4)","background-image":"","background-repeat":"repeat","background-position":"center center","background-size":"auto","background-attachment":"scroll","background-type":"","background-media":"","overlay-type":"","overlay-color":"","overlay-opacity":"","overlay-gradient":""},"tablet":{"background-color":"","background-image":"","background-repeat":"repeat","background-position":"center center","background-size":"auto","background-attachment":"scroll","background-type":"","background-media":"","overlay-type":"","overlay-color":"","overlay-opacity":"","overlay-gradient":""},"mobile":{"background-color":"","background-image":"","background-repeat":"repeat","background-position":"center center","background-size":"auto","background-attachment":"scroll","background-type":"","background-media":"","overlay-type":"","overlay-color":"","overlay-opacity":"","overlay-gradient":""}},"ast-content-background-meta":{"desktop":{"background-color":"var(--ast-global-color-5)","background-image":"","background-repeat":"repeat","background-position":"center center","background-size":"auto","background-attachment":"scroll","background-type":"","background-media":"","overlay-type":"","overlay-color":"","overlay-opacity":"","overlay-gradient":""},"tablet":{"background-color":"var(--ast-global-color-5)","background-image":"","background-repeat":"repeat","background-position":"center center","background-size":"auto","background-attachment":"scroll","background-type":"","background-media":"","overlay-type":"","overlay-color":"","overlay-opacity":"","overlay-gradient":""},"mobile":{"background-color":"var(--ast-global-color-5)","background-image":"","background-repeat":"repeat","background-position":"center center","background-size":"auto","background-attachment":"scroll","background-type":"","background-media":"","overlay-type":"","overlay-color":"","overlay-opacity":"","overlay-gradient":""}},"_joinchat":[],"footnotes":""},"class_list":["post-2204","page","type-page","status-publish","hentry"],"_links":{"self":[{"href":"https:\/\/globaluniview.com\/index.php\/wp-json\/wp\/v2\/pages\/2204","targetHints":{"allow":["GET"]}}],"collection":[{"href":"https:\/\/globaluniview.com\/index.php\/wp-json\/wp\/v2\/pages"}],"about":[{"href":"https:\/\/globaluniview.com\/index.php\/wp-json\/wp\/v2\/types\/page"}],"author":[{"embeddable":true,"href":"https:\/\/globaluniview.com\/index.php\/wp-json\/wp\/v2\/users\/1"}],"replies":[{"embeddable":true,"href":"https:\/\/globaluniview.com\/index.php\/wp-json\/wp\/v2\/comments?post=2204"}],"version-history":[{"count":22,"href":"https:\/\/globaluniview.com\/index.php\/wp-json\/wp\/v2\/pages\/2204\/revisions"}],"predecessor-version":[{"id":2282,"href":"https:\/\/globaluniview.com\/index.php\/wp-json\/wp\/v2\/pages\/2204\/revisions\/2282"}],"wp:attachment":[{"href":"https:\/\/globaluniview.com\/index.php\/wp-json\/wp\/v2\/media?parent=2204"}],"curies":[{"name":"wp","href":"https:\/\/api.w.org\/{rel}","templated":true}]}}