{"id":2119,"date":"2024-11-03T22:16:42","date_gmt":"2024-11-03T19:16:42","guid":{"rendered":"https:\/\/globaluniview.com\/?post_type=product&#038;p=2119"},"modified":"2025-06-18T14:01:17","modified_gmt":"2025-06-18T11:01:17","slug":"hp-27-cr0007nt-898b7ea-i5-1335u-8-gb-512-gb-ssd-iris-xe-graphics-27-full-hd-all-in-one-pc","status":"publish","type":"product","link":"https:\/\/globaluniview.com\/index.php\/urun\/hp-27-cr0007nt-898b7ea-i5-1335u-8-gb-512-gb-ssd-iris-xe-graphics-27-full-hd-all-in-one-pc\/","title":{"rendered":"hp 27-cr0007nt 898b7ea i5-1335u 8 gb 512 gb ssd iris xe graphics 27&#8243; full hd all in one pc"},"content":{"rendered":"<div class=\"split-module aem-GridColumn aem-GridColumn--default--12\">\n<section class=\"c-split-module m-bg-desktops-type-3\">\n<div class=\"c-default-container\">\n<div class=\"c-split-module__item \">\n<div class=\"c-split-module__image\">\n<div class=\"c-image-container hp-image-6cb4-628a with-ratio\"><img decoding=\"async\" class=\"inner-image\" src=\"https:\/\/ssl-product-images.www8-hp.com\/digmedialib\/prodimg\/lowres\/c08543643.png\" alt=\"23C1-INTEL-OPP-Maokong 27 ShellWhite T NT HAS CaptainCrunchWireless Win11 CoreSet Front CamUp WhiteB\" \/><\/div>\n<\/div>\n<div class=\"c-split-module__text\">\n<h3 class=\"h2 c-split-module__title\">\u00c7evresel etkisi azalt\u0131lacak \u015fekilde tasarland\u0131<\/h3>\n<p class=\"h4 c-split-module__description\">D\u00fcnyan\u0131n geri d\u00f6n\u00fc\u015ft\u00fcr\u00fclm\u00fc\u015f kahve telvesi i\u00e7eren ilk\u00a0<span class=\"m-text-nowrap\">bilgisayar\u0131d\u0131r\u00a0<span class=\"c-footnote-container\"><sup><span class=\"footnote__number\">3<\/span><\/sup><\/span><\/span>\u00a0ve t\u00fcketici sonras\u0131 geri d\u00f6n\u00fc\u015ft\u00fcr\u00fclm\u00fc\u015f ve okyanusa giden\u00a0<span class=\"m-text-nowrap\">plastik\u00a0<span class=\"c-footnote-container\"><sup><span class=\"footnote__number\">4<\/span><\/sup><\/span><\/span>\u00a0i\u00e7erir.<\/p>\n<\/div>\n<\/div>\n<div class=\"c-split-module__item \">\n<div class=\"c-split-module__image\">\n<div class=\"c-image-container hp-image-cb56-2a2a with-ratio\"><img decoding=\"async\" class=\"inner-image\" src=\"https:\/\/ssl-product-images.www8-hp.com\/digmedialib\/prodimg\/lowres\/c08543673.png\" alt=\"23C1-INTEL-OPP-Maokong 27 ShellWhite T NT HAS CaptainCrunchWireless Win11 CoreSet FrontLeft CamUp Wh\" \/><\/div>\n<\/div>\n<div class=\"c-split-module__text\">\n<h3 class=\"h2 c-split-module__title\">Ekibinizle ba\u011flant\u0131da kalman\u0131z i\u00e7in tasarland\u0131<\/h3>\n<p class=\"h4 c-split-module__description\">E\u011filebilir, a\u00e7\u0131l\u0131r gizlilik\u00a0<span class=\"m-text-nowrap\">kameras\u0131,\u00a0<span class=\"c-footnote-container\"><sup><span class=\"footnote__number\">5<\/span><\/sup><\/span><\/span>\u00a0\u00e7ift mikrofon ve geli\u015fmi\u015f g\u00fcr\u00fclt\u00fc azaltma gibi \u00f6zellikleriyle ger\u00e7ek i\u015fbirli\u011fi i\u00e7in \u00fcretilmi\u015ftir.<\/p>\n<\/div>\n<\/div>\n<div class=\"c-split-module__item \">\n<div class=\"c-split-module__image\">\n<div class=\"c-image-container hp-image-e896-9a62 with-ratio\"><img decoding=\"async\" class=\"inner-image\" src=\"https:\/\/ssl-product-images.www8-hp.com\/digmedialib\/prodimg\/lowres\/c08543703.png\" alt=\"23C1-INTEL-OPP-Maokong 27 ShellWhite T NT HAS CaptainCrunchWireless Win11 CoreSet FrontRight CamUp W\" \/><\/div>\n<\/div>\n<div class=\"c-split-module__text\">\n<h3 class=\"h2 c-split-module__title\">G\u00fcnl\u00fck i\u015fleriniz i\u00e7in her an haz\u0131r olun<\/h3>\n<p class=\"h4 c-split-module__description\">G\u00fcvenilir Intel\u00ae\u00a0<span class=\"m-text-nowrap\">\u0130\u015flemci,\u00a0<span class=\"c-footnote-container\"><sup><span class=\"footnote__number\">6<\/span><\/sup><\/span><\/span>\u00a0geni\u015f depolama alan\u0131, h\u0131zl\u0131 ba\u011flant\u0131lar ve b\u00fcy\u00fck bellek ile g\u00fcn\u00fcn \u00fcstesinden gelin.<\/p>\n<\/div>\n<\/div>\n<\/div>\n<\/section>\n<\/div>\n<div class=\"anchor aem-GridColumn aem-GridColumn--default--12\">\n<div id=\"features\">\n<div>\n<div class=\"column-module\">\n<section class=\"c-column-module m-bg-desktops-type-2\" data-metrics-link-placement=\"catalog:column\">\n<div class=\"c-column-module__title m-bg-desktops\">\n<div class=\"c-default-container\">\n<h3 class=\"h1\">Gezegen d\u00fc\u015f\u00fcn\u00fclerek bilin\u00e7li bir \u015fekilde tasarland\u0131<\/h3>\n<\/div>\n<\/div>\n<div class=\"c-default-container\">\n<div class=\"c-column-module__content\">\n<div class=\"c-column-module__image\">\n<div class=\"c-image-container hp-image-036c-00a4 with-ratio\"><img decoding=\"async\" class=\"inner-image\" src=\"https:\/\/ssl-product-images.www8-hp.com\/digmedialib\/prodimg\/lowres\/c08670415.jpg\" alt=\"23C1- HP 27 inch All in One Desktop PC Intel Shell White Heroic General Feature 1\" \/><\/div>\n<\/div>\n<div class=\"c-column-module__features\">\n<div class=\"c-column-module-feature\">\n<h4 class=\"c-column-module-feature__title h4\">Yeni bir bak\u0131\u015f a\u00e7\u0131s\u0131 edinin<\/h4>\n<div class=\"c-column-module-feature__description h5\">\n<p>Yenilenmi\u015f Ba\u015flat men\u00fcs\u00fcnden en sevdi\u011finiz ki\u015filere, haberlere, oyunlara ve i\u00e7eriklere ba\u011flanman\u0131n yeni yollar\u0131na kadar Windows 11 do\u011fal bir \u015fekilde d\u00fc\u015f\u00fcnmek, ifade etmek ve \u00fcretmek i\u00e7in uygun bir yerdir.<\/p>\n<\/div>\n<\/div>\n<div class=\"c-column-module-feature\">\n<h4 class=\"c-column-module-feature__title h4\">Bilgisayar\u0131n bir seferde daha da fazlas\u0131n\u0131 yapabilmesi i\u00e7in \u00fcst\u00fcn performans g\u00f6sterir<\/h4>\n<div class=\"c-column-module-feature__description h5\">\n<p>Yaln\u0131zca performans puan\u0131ndan daha fazlas\u0131n\u0131 sunar. 13. Nesil Intel\u00ae Core\u2122 \u0130\u015flemciler ger\u00e7ek d\u00fcnya bilgi i\u015flem performans\u0131n\u0131 art\u0131r\u0131r ve \u00e7ok daha verimli \u00e7oklu g\u00f6rev performans\u0131 sunar.<\/p>\n<\/div>\n<\/div>\n<div class=\"c-column-module-feature\">\n<h4 class=\"c-column-module-feature__title h4\">Intel\u00ae Iris\u00ae X\u1d49 grafik kart\u0131<\/h4>\n<div class=\"c-column-module-feature__description h5\">\n<p>Yarat\u0131c\u0131 \u00e7al\u0131\u015fmalar, oyun ve e\u011flence i\u00e7in etkileyici performans. \u0130nce ve hafif bir diz\u00fcst\u00fc bilgisayar\u0131n kullan\u0131m kolayl\u0131\u011f\u0131yla \u00fcst d\u00fczey grafik performans\u0131 ve net, \u00e7arp\u0131c\u0131 g\u00f6rseller.<\/p>\n<\/div>\n<\/div>\n<div class=\"c-column-module-feature\">\n<h4 class=\"c-column-module-feature__title h4\">FHD IPS ekran<\/h4>\n<div class=\"c-column-module-feature__description h5\">\n<p>Her a\u00e7\u0131dan kristal netli\u011finde g\u00f6r\u00fcnt\u00fclerin keyfini \u00e7\u0131kar\u0131n. 178\u00b0&#8217;lik geni\u015f g\u00f6r\u00fcnt\u00fcleme a\u00e7\u0131lar\u0131 ve canl\u0131 1920 x 1080 \u00e7\u00f6z\u00fcn\u00fcrl\u00fck sayesinde en sevdi\u011finiz i\u00e7erikleri her zaman harika bir \u015fekilde g\u00f6r\u00fcnt\u00fcleyebilirsiniz.<\/p>\n<\/div>\n<\/div>\n<div class=\"c-column-module__all-features\"><a class=\"c-button\" tabindex=\"100\" href=\"https:\/\/www.hp.com\/tr-tr\/products\/desktops\/product-details\/product-features\/2101795290\" data-metrics-link-id=\"all-features\"><span class=\"c-button__text\">T\u00fcm \u00f6zellikleri g\u00f6r\u00fcnt\u00fcle<\/span><\/a><\/div>\n<\/div>\n<\/div>\n<\/div>\n<\/section>\n<\/div>\n<\/div>\n<\/div>\n<\/div>\n<div class=\"anchor aem-GridColumn aem-GridColumn--default--12\">\n<div id=\"techSpecs\">\n<div>\n<div class=\"tech-specs\">\n<section class=\"c-product-specs m-bg-desktops-type-3\" data-metrics-link-placement=\"catalog:tech-specs\">\n<div class=\"c-default-container\">\n<h2 class=\"h3 c-product-specs__title\">Teknik \u00f6zellikler<\/h2>\n<div class=\"c-product-specs__list-wrapper\">\n<ul class=\"c-product-specs__list body-2\">\n<li class=\"c-product-specs__item\">\n<div>\n<p>\u0130\u015fletim Sistemi:Windows 11 Home Single Language<\/p>\n<\/div>\n<\/li>\n<li class=\"c-product-specs__item\">\n<div>\n<p>\u0130\u015flemci:Intel\u00ae Core\u2122 i5-1335U (Intel\u00ae Turbo Boost Teknolojisi ile 4,6 GHz&#8217;e kadar, 12 MB L3 \u00f6nbellek, 10 \u00e7ekirdek, 12 i\u015f\u00a0<span class=\"m-text-nowrap\">par\u00e7ac\u0131\u011f\u0131)<span class=\"c-footnote-container\">\u00a0<sup><span class=\"footnote__number\">1<\/span><\/sup>\u00a0<sup><span class=\"footnote__number\">2<\/span><\/sup><\/span><\/span><\/p>\n<\/div>\n<\/li>\n<li class=\"c-product-specs__item\">\n<div>\n<p>Bellek boyutu:8 GB DDR4 3200 SODIMM<\/p>\n<\/div>\n<\/li>\n<li class=\"c-product-specs__item\">\n<div>\n<p>Depolama kapasitesi 01:512 GB SSD<\/p>\n<\/div>\n<\/li>\n<\/ul>\n<\/div>\n<\/div>\n<\/section>\n<\/div>\n<\/div>\n<\/div>\n<\/div>\n","protected":false},"excerpt":{"rendered":"<table class=\"product-detail-vertical-table\">\n<thead>\n<tr>\n<th>EAN<\/th>\n<th>Birim<\/th>\n<th>\u0130\u00e7erik<\/th>\n<th>Hacim<\/th>\n<th>Br\u00fct A\u011f\u0131rl\u0131k<\/th>\n<th>Net A\u011f\u0131rl\u0131k<\/th>\n<th>Boyutlar<\/th>\n<\/tr>\n<\/thead>\n<tbody>\n<tr>\n<td>0196188390542<\/td>\n<td>Adet<\/td>\n<td>1 Adet<\/td>\n<td>22,143 DES<\/td>\n<td>9,500 KG<\/td>\n<td>9,500 KG<\/td>\n<td>73,000 x 17,500 x 52,000 CM<\/td>\n<\/tr>\n<tr>\n<td><\/td>\n<td>Palet<\/td>\n<td>28 Adet<\/td>\n<td>879,912 DES<\/td>\n<td>332,600 KG<\/td>\n<td>9,500 KG<\/td>\n<td>100,000 x 120,000 x 220,000 CM<\/td>\n<\/tr>\n<\/tbody>\n<\/table>\n","protected":false},"featured_media":2120,"comment_status":"open","ping_status":"closed","template":"","meta":{"site-sidebar-layout":"default","site-content-layout":"","ast-site-content-layout":"default","site-content-style":"default","site-sidebar-style":"default","ast-global-header-display":"","ast-banner-title-visibility":"","ast-main-header-display":"","ast-hfb-above-header-display":"","ast-hfb-below-header-display":"","ast-hfb-mobile-header-display":"","site-post-title":"","ast-breadcrumbs-content":"","ast-featured-img":"","footer-sml-layout":"","ast-disable-related-posts":"","theme-transparent-header-meta":"default","adv-header-id-meta":"","stick-header-meta":"","header-above-stick-meta":"","header-main-stick-meta":"","header-below-stick-meta":"","astra-migrate-meta-layouts":"set","ast-page-background-enabled":"default","ast-page-background-meta":{"desktop":{"background-color":"var(--ast-global-color-4)","background-image":"","background-repeat":"repeat","background-position":"center center","background-size":"auto","background-attachment":"scroll","background-type":"","background-media":"","overlay-type":"","overlay-color":"","overlay-opacity":"","overlay-gradient":""},"tablet":{"background-color":"","background-image":"","background-repeat":"repeat","background-position":"center center","background-size":"auto","background-attachment":"scroll","background-type":"","background-media":"","overlay-type":"","overlay-color":"","overlay-opacity":"","overlay-gradient":""},"mobile":{"background-color":"","background-image":"","background-repeat":"repeat","background-position":"center center","background-size":"auto","background-attachment":"scroll","background-type":"","background-media":"","overlay-type":"","overlay-color":"","overlay-opacity":"","overlay-gradient":""}},"ast-content-background-meta":{"desktop":{"background-color":"var(--ast-global-color-5)","background-image":"","background-repeat":"repeat","background-position":"center center","background-size":"auto","background-attachment":"scroll","background-type":"","background-media":"","overlay-type":"","overlay-color":"","overlay-opacity":"","overlay-gradient":""},"tablet":{"background-color":"var(--ast-global-color-5)","background-image":"","background-repeat":"repeat","background-position":"center center","background-size":"auto","background-attachment":"scroll","background-type":"","background-media":"","overlay-type":"","overlay-color":"","overlay-opacity":"","overlay-gradient":""},"mobile":{"background-color":"var(--ast-global-color-5)","background-image":"","background-repeat":"repeat","background-position":"center center","background-size":"auto","background-attachment":"scroll","background-type":"","background-media":"","overlay-type":"","overlay-color":"","overlay-opacity":"","overlay-gradient":""}},"_joinchat":{"telephone":"+905425708594"}},"product_brand":[],"product_cat":[15,26],"product_tag":[],"class_list":{"0":"post-2119","1":"product","2":"type-product","3":"status-publish","4":"has-post-thumbnail","6":"product_cat-genel","7":"product_cat-hp","8":"desktop-align-left","9":"tablet-align-left","10":"mobile-align-left","12":"first","13":"instock","14":"taxable","15":"shipping-taxable","16":"product-type-simple"},"_links":{"self":[{"href":"https:\/\/globaluniview.com\/index.php\/wp-json\/wp\/v2\/product\/2119","targetHints":{"allow":["GET"]}}],"collection":[{"href":"https:\/\/globaluniview.com\/index.php\/wp-json\/wp\/v2\/product"}],"about":[{"href":"https:\/\/globaluniview.com\/index.php\/wp-json\/wp\/v2\/types\/product"}],"replies":[{"embeddable":true,"href":"https:\/\/globaluniview.com\/index.php\/wp-json\/wp\/v2\/comments?post=2119"}],"wp:featuredmedia":[{"embeddable":true,"href":"https:\/\/globaluniview.com\/index.php\/wp-json\/wp\/v2\/media\/2120"}],"wp:attachment":[{"href":"https:\/\/globaluniview.com\/index.php\/wp-json\/wp\/v2\/media?parent=2119"}],"wp:term":[{"taxonomy":"product_brand","embeddable":true,"href":"https:\/\/globaluniview.com\/index.php\/wp-json\/wp\/v2\/product_brand?post=2119"},{"taxonomy":"product_cat","embeddable":true,"href":"https:\/\/globaluniview.com\/index.php\/wp-json\/wp\/v2\/product_cat?post=2119"},{"taxonomy":"product_tag","embeddable":true,"href":"https:\/\/globaluniview.com\/index.php\/wp-json\/wp\/v2\/product_tag?post=2119"}],"curies":[{"name":"wp","href":"https:\/\/api.w.org\/{rel}","templated":true}]}}