{"id":2309,"date":"2024-11-10T20:58:39","date_gmt":"2024-11-10T17:58:39","guid":{"rendered":"https:\/\/globaluniview.com\/?post_type=product&#038;p=2309"},"modified":"2025-09-20T11:04:43","modified_gmt":"2025-09-20T08:04:43","slug":"uac-t122-af28m-w-2mp-colorhunter-dome-analog-kamera-metal-kasa-sesli","status":"publish","type":"product","link":"https:\/\/globaluniview.com\/index.php\/urun\/uac-t122-af28m-w-2mp-colorhunter-dome-analog-kamera-metal-kasa-sesli\/","title":{"rendered":"UAC-T122-AF28M-W 2MP ColorHunter Dome Analog Kamera, Metal kasa, Sesli"},"content":{"rendered":"<p>2MP ColorHunter Dome Analog Kamera, Metal kasa, Sesli<br \/>\n&gt; 2 MP y\u00fcksek kaliteli g\u00f6r\u00fcnt\u00fc<br \/>\n&gt; TVI\/AHD\/CVI\/CVBS<br \/>\n&gt; 20m Beyaz \u0131\u015f\u0131k ayd\u0131nlatmas\u0131, 7\/24 tam renkli g\u00f6r\u00fcnt\u00fclemeyi destekler<br \/>\n&gt; IP67 su ge\u00e7irmez ve toz ge\u00e7irmez tasar\u0131m, y\u00fcksek g\u00fcvenilirlik<br \/>\n&gt; 2.8mm Lens, Dahili mikrofon<br \/>\n&gt; 4KV d<\/p>\n","protected":false},"excerpt":{"rendered":"<p>2MP ColorHunter Dome Analog Kamera, Metal kasa, Sesli &gt; 2 MP y\u00fcksek kaliteli g\u00f6r\u00fcnt\u00fc &gt; TVI\/AHD\/CVI\/CVBS &gt; 20m Beyaz \u0131\u015f\u0131k ayd\u0131nlatmas\u0131, 7\/24 tam renkli g\u00f6r\u00fcnt\u00fclemeyi destekler &gt; IP67 su ge\u00e7irmez ve toz ge\u00e7irmez tasar\u0131m, y\u00fcksek g\u00fcvenilirlik &gt; 2.8mm Lens, Dahili mikrofon &gt; 4KV d<\/p>\n","protected":false},"featured_media":2310,"comment_status":"open","ping_status":"closed","template":"","meta":{"site-sidebar-layout":"default","site-content-layout":"","ast-site-content-layout":"default","site-content-style":"default","site-sidebar-style":"default","ast-global-header-display":"","ast-banner-title-visibility":"","ast-main-header-display":"","ast-hfb-above-header-display":"","ast-hfb-below-header-display":"","ast-hfb-mobile-header-display":"","site-post-title":"","ast-breadcrumbs-content":"","ast-featured-img":"","footer-sml-layout":"","ast-disable-related-posts":"","theme-transparent-header-meta":"default","adv-header-id-meta":"","stick-header-meta":"","header-above-stick-meta":"","header-main-stick-meta":"","header-below-stick-meta":"","astra-migrate-meta-layouts":"set","ast-page-background-enabled":"default","ast-page-background-meta":{"desktop":{"background-color":"var(--ast-global-color-4)","background-image":"","background-repeat":"repeat","background-position":"center center","background-size":"auto","background-attachment":"scroll","background-type":"","background-media":"","overlay-type":"","overlay-color":"","overlay-opacity":"","overlay-gradient":""},"tablet":{"background-color":"","background-image":"","background-repeat":"repeat","background-position":"center center","background-size":"auto","background-attachment":"scroll","background-type":"","background-media":"","overlay-type":"","overlay-color":"","overlay-opacity":"","overlay-gradient":""},"mobile":{"background-color":"","background-image":"","background-repeat":"repeat","background-position":"center center","background-size":"auto","background-attachment":"scroll","background-type":"","background-media":"","overlay-type":"","overlay-color":"","overlay-opacity":"","overlay-gradient":""}},"ast-content-background-meta":{"desktop":{"background-color":"var(--ast-global-color-5)","background-image":"","background-repeat":"repeat","background-position":"center center","background-size":"auto","background-attachment":"scroll","background-type":"","background-media":"","overlay-type":"","overlay-color":"","overlay-opacity":"","overlay-gradient":""},"tablet":{"background-color":"var(--ast-global-color-5)","background-image":"","background-repeat":"repeat","background-position":"center center","background-size":"auto","background-attachment":"scroll","background-type":"","background-media":"","overlay-type":"","overlay-color":"","overlay-opacity":"","overlay-gradient":""},"mobile":{"background-color":"var(--ast-global-color-5)","background-image":"","background-repeat":"repeat","background-position":"center center","background-size":"auto","background-attachment":"scroll","background-type":"","background-media":"","overlay-type":"","overlay-color":"","overlay-opacity":"","overlay-gradient":""}},"_joinchat":[]},"product_brand":[],"product_cat":[22],"product_tag":[],"class_list":{"0":"post-2309","1":"product","2":"type-product","3":"status-publish","4":"has-post-thumbnail","6":"product_cat-unv","7":"desktop-align-left","8":"tablet-align-left","9":"mobile-align-left","11":"first","12":"instock","13":"taxable","14":"shipping-taxable","15":"product-type-simple"},"_links":{"self":[{"href":"https:\/\/globaluniview.com\/index.php\/wp-json\/wp\/v2\/product\/2309","targetHints":{"allow":["GET"]}}],"collection":[{"href":"https:\/\/globaluniview.com\/index.php\/wp-json\/wp\/v2\/product"}],"about":[{"href":"https:\/\/globaluniview.com\/index.php\/wp-json\/wp\/v2\/types\/product"}],"replies":[{"embeddable":true,"href":"https:\/\/globaluniview.com\/index.php\/wp-json\/wp\/v2\/comments?post=2309"}],"wp:featuredmedia":[{"embeddable":true,"href":"https:\/\/globaluniview.com\/index.php\/wp-json\/wp\/v2\/media\/2310"}],"wp:attachment":[{"href":"https:\/\/globaluniview.com\/index.php\/wp-json\/wp\/v2\/media?parent=2309"}],"wp:term":[{"taxonomy":"product_brand","embeddable":true,"href":"https:\/\/globaluniview.com\/index.php\/wp-json\/wp\/v2\/product_brand?post=2309"},{"taxonomy":"product_cat","embeddable":true,"href":"https:\/\/globaluniview.com\/index.php\/wp-json\/wp\/v2\/product_cat?post=2309"},{"taxonomy":"product_tag","embeddable":true,"href":"https:\/\/globaluniview.com\/index.php\/wp-json\/wp\/v2\/product_tag?post=2309"}],"curies":[{"name":"wp","href":"https:\/\/api.w.org\/{rel}","templated":true}]}}