{"id":2413,"date":"2024-11-10T22:00:53","date_gmt":"2024-11-10T19:00:53","guid":{"rendered":"https:\/\/globaluniview.com\/?post_type=product&#038;p=2413"},"modified":"2025-09-20T11:32:58","modified_gmt":"2025-09-20T08:32:58","slug":"unv-ipc8542er5-dup-4k-starlight-omniview-ip-kamera","status":"publish","type":"product","link":"https:\/\/globaluniview.com\/index.php\/urun\/unv-ipc8542er5-dup-4k-starlight-omniview-ip-kamera\/","title":{"rendered":"UNV IPC8542ER5-DUP 4K Starlight OmniView IP Kamera"},"content":{"rendered":"<p>4K Starlight OmniView IP Kamera<br \/>\n&gt; 1\/1.8&#8243; CMOS, 4096\u00d71800@30fps<br \/>\n&gt; Ultra 265\/ H.265\/ H.26\/ Mjpeg, 8 Streams (1 fisheye view( Triple Streams), 1 panaromic view, 4PTZ<br \/>\nView)<br \/>\n&gt; 4\u00d74.2mm lens, 50mt. IR Mesafesi, Ses:1\/1, Alarm:2\/1, 1, Mikro SD (256 GB)<br \/>\n&gt; Ak\u0131ll\u0131 Video Analiz: Ki\u015fi Sayma, Alan \u0130hlali, S\u0131n\u0131r \u0130hlali, Fokus Bozulmas\u0131, Sahne De\u011fi\u015fikli\u011fi, Ses Alg\u0131lama,<br \/>\nB\u0131rak\u0131lan ve Kay\u0131p nesne<br \/>\n&gt; Ek \u00d6zellikler: BLC, HLC, OSD, Hareket Alg\u0131lama, ROI, Digital Defog, Maskeleme, 120dB WDR, IP67<\/p>\n","protected":false},"excerpt":{"rendered":"<p>4K Starlight OmniView IP Kamera &gt; 1\/1.8&#8243; CMOS, 4096\u00d71800@30fps &gt; Ultra 265\/ H.265\/ H.26\/ Mjpeg, 8 Streams (1 fisheye view( Triple Streams), 1 panaromic view, 4PTZ View) &gt; 4\u00d74.2mm lens, 50mt. IR Mesafesi, Ses:1\/1, Alarm:2\/1, 1, Mikro SD (256 GB) &gt; Ak\u0131ll\u0131 Video Analiz: Ki\u015fi Sayma, Alan \u0130hlali, S\u0131n\u0131r \u0130hlali, Fokus Bozulmas\u0131, Sahne De\u011fi\u015fikli\u011fi, Ses [&hellip;]<\/p>\n","protected":false},"featured_media":2414,"comment_status":"open","ping_status":"closed","template":"","meta":{"site-sidebar-layout":"default","site-content-layout":"","ast-site-content-layout":"default","site-content-style":"default","site-sidebar-style":"default","ast-global-header-display":"","ast-banner-title-visibility":"","ast-main-header-display":"","ast-hfb-above-header-display":"","ast-hfb-below-header-display":"","ast-hfb-mobile-header-display":"","site-post-title":"","ast-breadcrumbs-content":"","ast-featured-img":"","footer-sml-layout":"","ast-disable-related-posts":"","theme-transparent-header-meta":"default","adv-header-id-meta":"","stick-header-meta":"","header-above-stick-meta":"","header-main-stick-meta":"","header-below-stick-meta":"","astra-migrate-meta-layouts":"set","ast-page-background-enabled":"default","ast-page-background-meta":{"desktop":{"background-color":"var(--ast-global-color-4)","background-image":"","background-repeat":"repeat","background-position":"center center","background-size":"auto","background-attachment":"scroll","background-type":"","background-media":"","overlay-type":"","overlay-color":"","overlay-opacity":"","overlay-gradient":""},"tablet":{"background-color":"","background-image":"","background-repeat":"repeat","background-position":"center center","background-size":"auto","background-attachment":"scroll","background-type":"","background-media":"","overlay-type":"","overlay-color":"","overlay-opacity":"","overlay-gradient":""},"mobile":{"background-color":"","background-image":"","background-repeat":"repeat","background-position":"center center","background-size":"auto","background-attachment":"scroll","background-type":"","background-media":"","overlay-type":"","overlay-color":"","overlay-opacity":"","overlay-gradient":""}},"ast-content-background-meta":{"desktop":{"background-color":"var(--ast-global-color-5)","background-image":"","background-repeat":"repeat","background-position":"center center","background-size":"auto","background-attachment":"scroll","background-type":"","background-media":"","overlay-type":"","overlay-color":"","overlay-opacity":"","overlay-gradient":""},"tablet":{"background-color":"var(--ast-global-color-5)","background-image":"","background-repeat":"repeat","background-position":"center center","background-size":"auto","background-attachment":"scroll","background-type":"","background-media":"","overlay-type":"","overlay-color":"","overlay-opacity":"","overlay-gradient":""},"mobile":{"background-color":"var(--ast-global-color-5)","background-image":"","background-repeat":"repeat","background-position":"center center","background-size":"auto","background-attachment":"scroll","background-type":"","background-media":"","overlay-type":"","overlay-color":"","overlay-opacity":"","overlay-gradient":""}},"_joinchat":[]},"product_brand":[],"product_cat":[22],"product_tag":[],"class_list":{"0":"post-2413","1":"product","2":"type-product","3":"status-publish","4":"has-post-thumbnail","6":"product_cat-unv","7":"desktop-align-left","8":"tablet-align-left","9":"mobile-align-left","11":"first","12":"instock","13":"taxable","14":"shipping-taxable","15":"product-type-simple"},"_links":{"self":[{"href":"https:\/\/globaluniview.com\/index.php\/wp-json\/wp\/v2\/product\/2413","targetHints":{"allow":["GET"]}}],"collection":[{"href":"https:\/\/globaluniview.com\/index.php\/wp-json\/wp\/v2\/product"}],"about":[{"href":"https:\/\/globaluniview.com\/index.php\/wp-json\/wp\/v2\/types\/product"}],"replies":[{"embeddable":true,"href":"https:\/\/globaluniview.com\/index.php\/wp-json\/wp\/v2\/comments?post=2413"}],"wp:featuredmedia":[{"embeddable":true,"href":"https:\/\/globaluniview.com\/index.php\/wp-json\/wp\/v2\/media\/2414"}],"wp:attachment":[{"href":"https:\/\/globaluniview.com\/index.php\/wp-json\/wp\/v2\/media?parent=2413"}],"wp:term":[{"taxonomy":"product_brand","embeddable":true,"href":"https:\/\/globaluniview.com\/index.php\/wp-json\/wp\/v2\/product_brand?post=2413"},{"taxonomy":"product_cat","embeddable":true,"href":"https:\/\/globaluniview.com\/index.php\/wp-json\/wp\/v2\/product_cat?post=2413"},{"taxonomy":"product_tag","embeddable":true,"href":"https:\/\/globaluniview.com\/index.php\/wp-json\/wp\/v2\/product_tag?post=2413"}],"curies":[{"name":"wp","href":"https:\/\/api.w.org\/{rel}","templated":true}]}}