{"id":2418,"date":"2024-11-10T22:03:01","date_gmt":"2024-11-10T19:03:01","guid":{"rendered":"https:\/\/globaluniview.com\/?post_type=product&#038;p=2418"},"modified":"2025-09-20T11:33:16","modified_gmt":"2025-09-20T08:33:16","slug":"unv-ipc868er-vf18-b-12-mp-ir-fisheye-ip-kamera-sesli-hoparlorlu","status":"publish","type":"product","link":"https:\/\/globaluniview.com\/index.php\/urun\/unv-ipc868er-vf18-b-12-mp-ir-fisheye-ip-kamera-sesli-hoparlorlu\/","title":{"rendered":"UNV IPC868ER-VF18-B 12 MP IR FISHEYE IP KAMERA, SESL\u0130, HOPARL\u00d6RL\u00dc"},"content":{"rendered":"<p>12 MP IR FISHEYE IP KAMERA, SESL\u0130, HOPARL\u00d6RL\u00dc<br \/>\n&gt; 1\/1.7&#8243; CMOS, 12MP (4000&#215;3000): 15fps<br \/>\n&gt; Ultra 265\/ H.265\/ H.264\/ Mjpeg, Eight Streams (1 fisheye view( Triple Streams), 1 panaromic view, 4PTZ View)<br \/>\n&gt; 1.8mm Lens<br \/>\n&gt; 10mt. IR Mesafesi, Ses:1\/1, Alarm:2\/1, Dahili Mikrofon&amp;Hoparl\u00f6r, BNC:1, Mikro SD (128 GB)<br \/>\n&gt; Ak\u0131ll\u0131 Video Analiz: Y\u00fcz Alg\u0131lama, Ki\u015fi Sayma, Alan \u0130hlali, S\u0131n\u0131r \u0130hlali, Fokus Bozulmas\u0131, Sahne De\u011fi\u015fikli\u011fi, Ses Alg\u0131lama,<br \/>\nB\u0131rak\u0131lan ve Kay\u0131p nesne<br \/>\n&gt; Ek \u00d6zellikler: BLC, HLC, OSD, Hareket Alg\u0131lama, ROI, Digital Defog, Maskeleme, WDR, IP66, IK10, Reset Buton<\/p>\n","protected":false},"excerpt":{"rendered":"<p>12 MP IR FISHEYE IP KAMERA, SESL\u0130, HOPARL\u00d6RL\u00dc &gt; 1\/1.7&#8243; CMOS, 12MP (4000&#215;3000): 15fps &gt; Ultra 265\/ H.265\/ H.264\/ Mjpeg, Eight Streams (1 fisheye view( Triple Streams), 1 panaromic view, 4PTZ View) &gt; 1.8mm Lens &gt; 10mt. IR Mesafesi, Ses:1\/1, Alarm:2\/1, Dahili Mikrofon&amp;Hoparl\u00f6r, BNC:1, Mikro SD (128 GB) &gt; Ak\u0131ll\u0131 Video Analiz: Y\u00fcz Alg\u0131lama, Ki\u015fi [&hellip;]<\/p>\n","protected":false},"featured_media":2419,"comment_status":"open","ping_status":"closed","template":"","meta":{"site-sidebar-layout":"default","site-content-layout":"","ast-site-content-layout":"default","site-content-style":"default","site-sidebar-style":"default","ast-global-header-display":"","ast-banner-title-visibility":"","ast-main-header-display":"","ast-hfb-above-header-display":"","ast-hfb-below-header-display":"","ast-hfb-mobile-header-display":"","site-post-title":"","ast-breadcrumbs-content":"","ast-featured-img":"","footer-sml-layout":"","ast-disable-related-posts":"","theme-transparent-header-meta":"default","adv-header-id-meta":"","stick-header-meta":"","header-above-stick-meta":"","header-main-stick-meta":"","header-below-stick-meta":"","astra-migrate-meta-layouts":"set","ast-page-background-enabled":"default","ast-page-background-meta":{"desktop":{"background-color":"var(--ast-global-color-4)","background-image":"","background-repeat":"repeat","background-position":"center center","background-size":"auto","background-attachment":"scroll","background-type":"","background-media":"","overlay-type":"","overlay-color":"","overlay-opacity":"","overlay-gradient":""},"tablet":{"background-color":"","background-image":"","background-repeat":"repeat","background-position":"center center","background-size":"auto","background-attachment":"scroll","background-type":"","background-media":"","overlay-type":"","overlay-color":"","overlay-opacity":"","overlay-gradient":""},"mobile":{"background-color":"","background-image":"","background-repeat":"repeat","background-position":"center center","background-size":"auto","background-attachment":"scroll","background-type":"","background-media":"","overlay-type":"","overlay-color":"","overlay-opacity":"","overlay-gradient":""}},"ast-content-background-meta":{"desktop":{"background-color":"var(--ast-global-color-5)","background-image":"","background-repeat":"repeat","background-position":"center center","background-size":"auto","background-attachment":"scroll","background-type":"","background-media":"","overlay-type":"","overlay-color":"","overlay-opacity":"","overlay-gradient":""},"tablet":{"background-color":"var(--ast-global-color-5)","background-image":"","background-repeat":"repeat","background-position":"center center","background-size":"auto","background-attachment":"scroll","background-type":"","background-media":"","overlay-type":"","overlay-color":"","overlay-opacity":"","overlay-gradient":""},"mobile":{"background-color":"var(--ast-global-color-5)","background-image":"","background-repeat":"repeat","background-position":"center center","background-size":"auto","background-attachment":"scroll","background-type":"","background-media":"","overlay-type":"","overlay-color":"","overlay-opacity":"","overlay-gradient":""}},"_joinchat":[]},"product_brand":[],"product_cat":[22],"product_tag":[],"class_list":{"0":"post-2418","1":"product","2":"type-product","3":"status-publish","4":"has-post-thumbnail","6":"product_cat-unv","7":"desktop-align-left","8":"tablet-align-left","9":"mobile-align-left","11":"first","12":"instock","13":"taxable","14":"shipping-taxable","15":"product-type-simple"},"_links":{"self":[{"href":"https:\/\/globaluniview.com\/index.php\/wp-json\/wp\/v2\/product\/2418","targetHints":{"allow":["GET"]}}],"collection":[{"href":"https:\/\/globaluniview.com\/index.php\/wp-json\/wp\/v2\/product"}],"about":[{"href":"https:\/\/globaluniview.com\/index.php\/wp-json\/wp\/v2\/types\/product"}],"replies":[{"embeddable":true,"href":"https:\/\/globaluniview.com\/index.php\/wp-json\/wp\/v2\/comments?post=2418"}],"wp:featuredmedia":[{"embeddable":true,"href":"https:\/\/globaluniview.com\/index.php\/wp-json\/wp\/v2\/media\/2419"}],"wp:attachment":[{"href":"https:\/\/globaluniview.com\/index.php\/wp-json\/wp\/v2\/media?parent=2418"}],"wp:term":[{"taxonomy":"product_brand","embeddable":true,"href":"https:\/\/globaluniview.com\/index.php\/wp-json\/wp\/v2\/product_brand?post=2418"},{"taxonomy":"product_cat","embeddable":true,"href":"https:\/\/globaluniview.com\/index.php\/wp-json\/wp\/v2\/product_cat?post=2418"},{"taxonomy":"product_tag","embeddable":true,"href":"https:\/\/globaluniview.com\/index.php\/wp-json\/wp\/v2\/product_tag?post=2418"}],"curies":[{"name":"wp","href":"https:\/\/api.w.org\/{rel}","templated":true}]}}